 3*m - 9 - 3 = 0. Suppose -3*c - 55 + m = -3*i, -3*i - 3*c + 63 = 0. Is i prime?
True
Suppose -751*q + 40735 = -746*q. Is q a composite number?
False
Let r(f) = -f**3 + 20*f**2 + 14*f + 49. Is r(20) a composite number?
True
Suppose 15*f - 8*f - 2485 = 0. Is f composite?
True
Suppose 3*s - 13789 = -33*f + 35*f, 0 = 4*s - 5*f - 18383. Is s a prime number?
True
Let r(t) = 412*t**2 + 16*t - 59. Is r(9) a composite number?
False
Suppose 0 = -4*q + 5*q. Suppose -c + 5*j + 1887 = q, -3*c - 4*j = -1677 - 3927. Suppose -4*b = -y - c, 4 = 2*y - 4. Is b a composite number?
True
Suppose 5 = -2*w - 3*y, y - 3*y - 6 = 0. Let r(a) = -5 - 6*a + 0 + 0 + w*a. Is r(-7) a prime number?
True
Suppose 2*h + 0*h - 3*i - 39 = 0, h - i - 19 = 0. Is 3/h + (-28105)/(-30) a prime number?
True
Let a(w) = 2*w - 8. Let c be a(4). Let t(j) = j**2 - j + 941. Is t(c) composite?
False
Is -9865*-1*(-5)/(-25) prime?
True
Let q(d) = 104*d**2 + 4. Let f be q(-2). Let c be (0 - -2) + -4 + 6. Suppose b - 1 = 0, 3*n - 47 = c*b + f. Is n prime?
True
Suppose -j + c = -2*c - 3647, -2*j - 3*c = -7330. Is j a prime number?
True
Let x = -4 + 6. Suppose -3*u = x*u + 270. Let l = u - -121. Is l prime?
True
Suppose -3*r = 4*z - 2, 2*z + 0*r + 4 = -4*r. Let k = z + 81. Is k composite?
False
Let m be ((-84)/(-14))/(1/237). Suppose 4*b - m = 742. Is b a composite number?
False
Let z be ((-24)/30)/((-4)/10). Suppose -z*q = 3*a + 2 + 4, 3*a - 12 = 4*q. Suppose a = -l + 14 + 1. Is l prime?
False
Let f = -2464 - -11073. Is f composite?
False
Suppose 22 = 5*q - 3*m, 0*q - 4*q + 3*m = -20. Suppose -3*u - 1185 = -3*o, 0 = -q*u - 3*u. Is o a composite number?
True
Let l = -22 - -24. Is (2 + 60/9)*93/l a composite number?
True
Let c = -5 + 8. Suppose 20 = 4*b - 12. Let n = c + b. Is n a composite number?
False
Suppose -9*k - 31032 = -k. Let o = k - -6896. Is o prime?
False
Let u(i) = 68*i**2 + 8*i - 1. Let c = 39 + -33. Is u(c) prime?
False
Let g(s) = -s**2 + 3*s + 14. Let a be g(6). Let d be 5 + a - 2*-2. Suppose 846 = d*x - 1589. Is x a prime number?
True
Let g(j) = -j**2 + 3*j + 5. Let y(w) = -w**2 + 3*w + 5. Let b(r) = -6*g(r) + 5*y(r). Is b(8) composite?
True
Suppose 0*n - 10 = -2*n. Let x(s) = -s - 1 - 7*s - 2*s - n*s. Is x(-5) composite?
True
Suppose 2*z + 4*g + 259 = 5*g, -2*z - 2*g = 274. Suppose n - 193 = 3*y + 84, 0 = 2*n + y - 540. Let t = z + n. Is t a composite number?
False
Let s = -43 + 44. Is 179 + (-3 - -4 - s) a composite number?
False
Let n be -1 - -1 - (-1292 + 5). Suppose -13*f + n = -4*f. Is f prime?
False
Let y(f) = -633*f**3 - f**2 + 2*f + 4. Is y(-1) composite?
True
Is (109553/213)/(-1 + 8/6) prime?
True
Suppose 6*l + 128 = 14*l. Is l/20 + (-2102)/(-10) a composite number?
False
Let a(j) = j**2 - 12*j - 14. Let q be a(13). Let t be -8*q/(-8)*-2. Suppose v - 159 = -t*v. Is v a prime number?
True
Suppose -21*y + 16*y = -10. Let z(b) = 5*b - 3. Let r be z(y). Let j(q) = 54*q + 3. Is j(r) a prime number?
False
Let f(t) = t**3 - 18*t**2 - 19*t + 5. Let v be f(19). Suppose 0 = v*j - 0*c - 2*c - 257, -c - 103 = -2*j. Is j a prime number?
False
Suppose 3*k - 24 = -192. Let h be (1 - -34)*(-816)/k. Suppose -98 = 4*p - h. Is p a prime number?
True
Let i(v) = v**2 + v. Let s be i(0). Suppose -2*d + f = 3*d - 204, d - 2*f - 48 = s. Let l = d + -19. Is l a composite number?
True
Let l = 2522 - 1701. Suppose -562 = -2*s + 5*q, 3*s + 0*s - 2*q = l. Is s a prime number?
True
Let n be 1/(5/20) + -1. Is (-6)/(-2) - n*(-5156)/6 a composite number?
True
Let l = 92 + -73. Suppose -l*q - 1778 = -21*q. Is q a prime number?
False
Suppose -732*x = -742*x + 716180. Is x prime?
False
Let n(i) = -1638*i**3 - 4*i**2 - 3*i. Is n(-1) prime?
True
Let j = 55 - 52. Suppose -10 + 1 = -3*k. Suppose -2*s - 414 = -j*y + s, 2*s + 419 = k*y. Is y a prime number?
False
Suppose -156*i + 163*i = 0. Let o be (-2)/(-7) - 10636/(-14). Suppose -4*v = v + 5*y - o, -5*v - y + 780 = i. Is v a composite number?
False
Let p(m) = m**3 - 6*m**2 - 13. Let q be 6/(3 + (2 - 4)). Let z be p(q). Let a = z - -28. Is a a composite number?
True
Let q(s) = s**3 - 12*s**2 - 16*s - 11. Let t be q(13). Let n = -31 - t. Is n a composite number?
False
Let l(q) = -165*q - 16. Suppose 4*z + 37 = -67. Let o = 21 + z. Is l(o) a composite number?
False
Let b(c) = 4*c**2 + 86*c - 39. Is b(-31) composite?
True
Let i be ((-12)/(-9))/(4/12). Suppose -i*y + 8 = 20. Let z(j) = 21*j**2 - 2*j - 4. Is z(y) a composite number?
False
Suppose 3*z + 16 - 4 = 0. Let a be (-4)/6*3*z. Is 677/7 + a/28 composite?
False
Let q = -7 - -11. Let y(h) = h**3 - 3*h**2 - 3*h + 1. Let l be y(q). Suppose -l = g - 16. Is g a prime number?
True
Let a be (4/(-3))/(1/(-3)). Let x(s) = 8*s**3 + 4 - 2 - 9*s + 3 - 4 - 2*s**2. Is x(a) composite?
True
Suppose 5*i = 5*o + 1 + 34, o + 4*i = 18. Let p = o + 5. Suppose -p*k + 563 = 32. Is k composite?
True
Suppose -8 = 3*y - 5*p, -p + 24 = y + 4*y. Is y/(-16) + (1 - (-3826)/8) a prime number?
True
Let f(l) = 31*l + 32. Let k be f(13). Let t = k + -104. Is t a composite number?
False
Suppose v - 3*v = -r, -5*v = 5*r. Suppose 3*a = z - 14, v = 3*z - 7*z + 2*a + 26. Suppose -420 = -5*j + z*t, -j + 5*t + 48 + 16 = 0. Is j composite?
False
Let f be (-270)/21*(-14)/2. Let p be 96/5*f/4. Let r = p - 303. Is r composite?
True
Is ((-2 + 3)*1)/((-12)/(-113496)) composite?
True
Suppose -827 + 266 = -3*u. Is u composite?
True
Let g(a) = 14*a**2 - 13*a - 10. Is g(-21) a prime number?
False
Is 1195*6/(38 - 8) prime?
True
Suppose -3*k - s - 6759 = -48433, -13894 = -k + s. Let o = k + -8569. Is o a composite number?
False
Let v(q) = 41*q**2 - 3*q - 3. Let o be (-20)/30 + 11/3. Let g be v(o). Suppose 38 = b - 5*p - 81, -2*p = -3*b + g. Is b a composite number?
True
Let k = -9 - -14. Suppose k*m - m - 6012 = 0. Suppose -3*b + m = -0*b. Is b composite?
True
Suppose 262 = 2*n - 2*s, -3*n - 3*s + 2*s = -397. Suppose -3*l + 6*l + 5*q - 91 = 0, -n = -4*l - 4*q. Is l a prime number?
True
Let n(k) = -k**3 - 10*k**2 - 9*k + 12. Let p be n(-9). Suppose 4*w - p = -0. Is (-2)/w + (-16168)/(-24) a prime number?
True
Suppose -3*o - s = -5*o + 5629, 0 = -3*o - 2*s + 8447. Is o a composite number?
True
Is 321995*-2*(-8)/80 a composite number?
False
Suppose 4*v - 3*f - 1785 = -106, 3*v - 3*f = 1260. Is v composite?
False
Let k = 3897 + -1178. Is k a prime number?
True
Let l = 339 + -86. Is l prime?
False
Suppose 0 = -12*i + 10 + 2. Is (-14)/14 - (-1 - i*143) a composite number?
True
Let p(v) = 211*v**2 + 14*v - 12. Is p(-9) a prime number?
False
Suppose 2*y = 8, -5*y + 134 = -0*t + 2*t. Let q = -13 + t. Suppose -2*h - 2 = -5*n + q, -n = 5*h - 20. Is n composite?
True
Suppose 2025 + 659 = 4*f. Let b = f + -68. Suppose 2*r - b = p, -2*p = -4*r + p + 1207. Is r a prime number?
False
Is -2*3946*8/(-32) composite?
False
Let y(v) = v**2 - v + 2. Let n be y(2). Suppose -2*j = -n*j + 28. Suppose 16*t - 166 = j*t. Is t composite?
False
Let y(m) = -79*m + 98. Is y(-9) a prime number?
True
Let d = -399 + -91. Let r = -273 - d. Is r a prime number?
False
Let o = 185 + 461. Suppose 0 = -3*p + 9, 4*d + 2*p = -2*p + 28. Suppose d*v - 4*k + 82 = o, 0 = -2*v - 2*k + 298. Is v composite?
True
Let v(c) = 6*c + 34. Let n be v(0). Suppose -n*g + 25*g = -1143. Is g a prime number?
True
Suppose 0 = -3*d + 4*y - 16, -5*d + 3*y = -0*y + 12. Let z be 67/13 - -7*(-14)/637. Suppose 0 = k - 5*g - 139, -6*k + k - z*g + 665 = d. Is k prime?
False
Suppose -2*j + 46 - 111 = c, -4*j = 5*c + 115. Is (-6668)/(-10) + (-7)/j prime?
False
Suppose 2*p + 52 = n - 5*n, n + 4*p + 6 = 0. Let o(g) = -17*g - 27. Is o(n) a composite number?
False
Let i be 8/((-144)/(-75)) + 2/(-12). Suppose z + 0*z - 271 = i*c, 15 = -3*c. Is z prime?
True
Let b(w) = 111*w + 475. Is b(42) a composite number?
True
Suppose -4*j - 4*s = -39 + 15, 3 = 2*j - s. Suppose a = j, -2*w + 753 = w + 3*a. Let x = w - 105. Is x a composite number?
True
Suppose r + 3*x + x + 17 = 0, -3*x - 14 = 2*r. Let l(b) = 69*b**2 - 18*b + 1 + 0 + 19*b. Is l(r) composite?
True
Let h(m) = -3*m**2 - 10*m + 5. Let f(k) = -k**3 + 14*k**2 + 51*k - 24. Let g(y) = 2*f(y) + 11*h(y). Let a be g(6). Is a/(-4) + 1/(-4) prime?
True
Let g = -2186 + 1278. Let v = -100 - g. Suppose -4*q = -36 - v. Is q prime?
True
Let l(t) = -9*t**3 + 12*t**2 - 9*t - 13. Is l(-6) a prime numbe